 10308?
True
Is 3828 a multiple of 66?
True
Is 1596 a multiple of 23?
False
Does 5 divide 2842?
False
Is 17756 a multiple of 23?
True
Is 2 a factor of 167?
False
Is 48 a factor of 912?
True
Is 100 a multiple of 37?
False
Is 120 a multiple of 12?
True
Does 147 divide 12348?
True
Is 8046 a multiple of 64?
False
Does 51 divide 4934?
False
Is 2 a factor of 272?
True
Does 9 divide 1184?
False
Is 29 a factor of 2726?
True
Is 46 a factor of 2714?
True
Does 20 divide 31920?
True
Is 407 a multiple of 30?
False
Is 39 a factor of 195?
True
Does 41 divide 905?
False
Is 27 a factor of 4323?
False
Is 383 a multiple of 3?
False
Does 25 divide 27544?
False
Is 95 a factor of 5510?
True
Does 10 divide 6272?
False
Is 13716 a multiple of 54?
True
Is 650 a multiple of 5?
True
Does 6 divide 858?
True
Is 20 a factor of 720?
True
Does 56 divide 54152?
True
Does 38 divide 391?
False
Is 13 a factor of 338?
True
Is 8 a factor of 5779?
False
Does 18 divide 149?
False
Is 10110 a multiple of 8?
False
Is 13 a factor of 2398?
False
Is 1089 a multiple of 121?
True
Is 27 a factor of 1057?
False
Does 5 divide 12951?
False
Is 9 a factor of 5103?
True
Does 76 divide 1900?
True
Is 14 a factor of 518?
True
Is 25 a factor of 1723?
False
Does 20 divide 500?
True
Is 81 a factor of 3214?
False
Does 18 divide 1098?
True
Is 1666 a multiple of 171?
False
Is 11 a factor of 968?
True
Is 892 a multiple of 4?
True
Is 7 a factor of 36085?
True
Is 821 a multiple of 41?
False
Is 70 a multiple of 14?
True
Is 13 a factor of 1080?
False
Is 4966 a multiple of 12?
False
Is 16 a factor of 7259?
False
Does 253 divide 8349?
True
Is 1094 a multiple of 34?
False
Does 18 divide 325?
False
Is 19614 a multiple of 6?
True
Is 242 a multiple of 3?
False
Does 35 divide 12985?
True
Does 28 divide 11312?
True
Is 724 a multiple of 133?
False
Is 5612 a multiple of 61?
True
Does 14 divide 2296?
True
Does 88 divide 272?
False
Is 47 a factor of 32025?
False
Is 16 a factor of 5462?
False
Is 4 a factor of 189?
False
Is 84 a factor of 2363?
False
Is 49 a factor of 6223?
True
Is 221 a factor of 34697?
True
Is 14 a factor of 1103?
False
Is 416 a multiple of 26?
True
Is 18 a factor of 6769?
False
Is 17325 a multiple of 13?
False
Is 22 a factor of 6346?
False
Is 107341 a multiple of 23?
True
Is 18802 a multiple of 65?
False
Is 26 a factor of 1553?
False
Is 22 a multiple of 2?
True
Does 27 divide 42849?
True
Is 9207 a multiple of 9?
True
Is 10 a factor of 441?
False
Is 1024 a multiple of 24?
False
Does 23 divide 1012?
True
Does 50 divide 6050?
True
Is 9274 a multiple of 49?
False
Does 26 divide 407?
False
Is 5 a factor of 40156?
False
Does 61 divide 7154?
False
Is 286 a factor of 29744?
True
Does 9 divide 7521?
False
Is 41 a factor of 1936?
False
Does 47 divide 6019?
False
Is 49 a factor of 3479?
True
Is 273 a factor of 26754?
True
Is 60 a factor of 28680?
True
Is 36 a factor of 1512?
True
Is 39 a factor of 92469?
True
Is 17271 a multiple of 303?
True
Is 109 a multiple of 4?
False
Does 11 divide 63318?
False
Does 73 divide 24528?
True
Is 49 a factor of 784?
True
Does 13 divide 130?
True
Is 259 a multiple of 28?
False
Is 11 a factor of 1372?
False
Is 29 a factor of 7250?
True
Is 20 a factor of 37927?
False
Is 5778 a multiple of 9?
True
Does 51 divide 415?
False
Is 54 a factor of 918?
True
Does 18 divide 17214?
False
Does 5 divide 431?
False
Is 7273 a multiple of 24?
False
Is 16953 a multiple of 26?
False
Does 5 divide 160?
True
Does 17 divide 692?
False
Is 1236 a multiple of 3?
True
Is 86 a factor of 2550?
False
Is 29 even?
False
Is 288 a multiple of 16?
True
Is 3693 a multiple of 134?
False
Is 43 a factor of 2236?
True
Is 17284 a multiple of 24?
False
Is 2 a factor of 257?
False
Is 5940 a multiple of 54?
True
Is 29 a factor of 2291?
True
Is 30 a factor of 1286?
False
Does 18 divide 194703?
False
Does 42 divide 4009?
False
Does 35 divide 2100?
True
Does 8 divide 5753?
False
Is 12 a factor of 7074?
False
Is 1050 a multiple of 25?
True
Does 32 divide 23016?
False
Is 272 a multiple of 16?
True
Does 72 divide 621?
False
Is 12 a factor of 9732?
True
Is 683 a multiple of 64?
False
Is 14 a factor of 498?
False
Does 10 divide 191?
False
Is 32850 a multiple of 25?
True
Is 3 a factor of 366?
True
Does 6 divide 13458?
True
Is 14 a factor of 1176?
True
Is 1863 a multiple of 69?
True
Does 28 divide 667?
False
Is 74 a factor of 3098?
False
Is 20033 a multiple of 25?
False
Is 81 a factor of 44336?
False
Is 38 a factor of 2470?
True
Is 18 a factor of 19281?
False
Is 5273 a multiple of 73?
False
Is 885 a multiple of 8?
False
Is 14 a factor of 1115?
False
Is 46 a factor of 1196?
True
Does 28 divide 112?
True
Does 23 divide 6192?
False
Is 147 a multiple of 21?
True
Is 28 a factor of 4508?
True
Is 13 a factor of 88308?
False
Is 12 a factor of 772?
False
Is 6004 a multiple of 19?
True
Is 319 a multiple of 7?
False
Is 13 a factor of 32786?
True
Is 1000 a multiple of 10?
True
Does 19 divide 3905?
False
Is 187 a multiple of 15?
False
Does 28 divide 7560?
True
Does 9 divide 531?
True
Is 37551 a multiple of 22?
False
Is 36 a factor of 90630?
False
Is 6 a factor of 954?
True
Does 23 divide 2298?
False
Is 37 a factor of 3720?
False
Does 85 divide 38663?
False
Is 50 a factor of 1341?
False
Does 101 divide 3333?
True
Is 9 a factor of 243?
True
Does 11 divide 32758?
True
Is 6804 a multiple of 8?
False
Is 108 a factor of 1512?
True
Does 20 divide 32619?
False
Does 29 divide 1682?
True
Is 2 a factor of 44?
True
Is 27 a factor of 351?
True
Does 15 divide 50363?
False
Does 2 divide 12069?
False
Does 50 divide 4150?
True
Is 70 a factor of 11374?
False
Is 15755 a multiple of 5?
True
Does 3 divide 239?
False
Is 75 a factor of 932?
False
Is 9 a factor of 7083?
True
Does 42 divide 22195?
False
Is 26 a factor of 322?
False
Does 15 divide 3225?
True
Does 30 divide 16860?
True
Is 89309 a multiple of 11?
True
Is 27958 a multiple of 258?
False
Is 870 a multiple of 9?
False
Is 26 a factor of 27949?
False
Is 4577 a multiple of 87?
False
Is 506 a multiple of 22?
True
Is 1078 a multiple of 49?
True
Does 40 divide 3440?
True
Is 342 a multiple of 57?
True
Does 33 divide 1782?
True
Is 827 a multiple of 2?
False
Is 5 a factor of 164?
False
Does 15 divide 3912?
False
Does 6 divide 204?
True
Is 15 a factor of 40600?
False
Does 30 divide 4650?
True
Does 19 divide 264?
False
Does 10 divide 195?
False
Does 37 divide 99?
False
Is 21 a factor of 21672?
True
Is 61740 a multiple of 28?
True
Is 18 a factor of 274?
False
Does 65 divide 2015?
True
Is 47068 a multiple of 9?
False
Is 284 a multiple of 11?
False
Does 19 divide 8075?
True
Does 155 divide 30403?
False
Is 6257 a multiple of 19?
False
Is 9989 a multiple of 13?
False
Does 26 divide 36?
False
Does 76 divide 276?
False
Is 4 a factor of 608?
True
Is 421 a multiple of 8?
False
Is 14 a factor of 14784?
True
Does 10 divide 10930?
True
Does 3 divide 401?
False
Does 6 divide 2366?
False
Does 60 divide 12591?
False
Is 8 a factor of 208?
True
Is 56 a factor of 1232?
True
Does 216 divide 12828?
False
Is 13059 a multiple of 125?
False
Is 1636 a multiple of 39?
False
Is 1216 a multiple of 64?
True
Is 2393 a multiple of 33?
False
Is 7 a factor of 282?
False
Does 62 divide 34185?
False
Is 5264 a multiple of 56?
True
Is 128 a factor of 10562?
False
Is 14 a factor of 2226?
True
Is 63 a factor of 250?
False
Is 19 a factor of 11671?
False
Does 6 divide 15676?
False
Is 60 a factor of 1380?
True
Is 204 a multiple of 51?
True
Is 37440 a multiple of 65?
True
Does 2 divide 55?
False
Is 44252 a multiple of 74?
True
Is 94 a factor of 17803?
False
Is 3344 a multiple of 34?
False
Is 2 a factor of 80?
True
Is 49 a factor of 4214?
True
Is 91 a factor of 10465?
True
Is 40 a factor of 960?
True
Is 82 a factor of 4074?
False
Is 9 a factor of 3895?
False
Does 7 divide 41176?
False
Does 145 divide 10295?
True
Does 16 divide 8032?
True
Is 2393 a multiple of 17?
False
Is 2619 a multiple of 57?
False
Does 8 divide 1176?
True
Is 73 a factor of 587?
False
Does 13 divide 1860?
False
Does 121 divide 363?
True
Is 10 a factor of 514?
False
Is 235 a multiple of 5?
True
Does 52 divide 7748?
True
Does 70 divide 6370?
True
Is 6 a factor of 102?
True
Does 26 divide 40035?
False
Is 96 a factor of 42261?
False
Is 3486 a multiple of 9?
False
Is 15 a factor of 270?
True
Is 1613 a